.
3, 417097
What are the prime factors of 202263?
3, 67421
List the prime factors of 5730844.
2, 7, 4177
What are the prime factors of 611869?
23, 37, 719
List the prime factors of 1629679.
89, 18311
What are the prime factors of 479783?
479783
List the prime factors of 3401888.
2, 7, 15187
What are the prime factors of 41200?
2, 5, 103
List the prime factors of 3074.
2, 29, 53
List the prime factors of 744051.
3, 7, 11, 3221
What are the prime factors of 1161472?
2, 13, 349
List the prime factors of 213137.
131, 1627
What are the prime factors of 86527?
7, 47, 263
What are the prime factors of 4397801?
59, 131, 569
What are the prime factors of 1355129?
1355129
List the prime factors of 20075475.
3, 5, 7, 38239
List the prime factors of 729980.
2, 5, 17, 19, 113
What are the prime factors of 356202?
2, 3, 7, 11, 257
List the prime factors of 8395791.
3, 2798597
List the prime factors of 701457.
3, 73, 3203
List the prime factors of 1458905.
5, 7, 73, 571
What are the prime factors of 535319?
535319
What are the prime factors of 11818820?
2, 5, 13, 131, 347
List the prime factors of 978532.
2, 244633
List the prime factors of 4092978.
2, 3, 53, 61, 211
List the prime factors of 91558.
2, 45779
What are the prime factors of 870852?
2, 3, 31, 2341
What are the prime factors of 435027?
3, 145009
List the prime factors of 266963.
239, 1117
List the prime factors of 10326813.
3, 7, 29, 31, 547
List the prime factors of 207369.
3, 23041
What are the prime factors of 4269558?
2, 3, 223, 3191
What are the prime factors of 4860190?
2, 5, 373, 1303
What are the prime factors of 863980?
2, 5, 13, 3323
What are the prime factors of 4657076?
2, 571, 2039
List the prime factors of 731739.
3, 149, 1637
What are the prime factors of 2992764?
2, 3, 249397
What are the prime factors of 275517?
3, 11, 23
List the prime factors of 2725781.
2725781
List the prime factors of 803385.
3, 5, 11, 541
List the prime factors of 1908615.
3, 5, 127241
What are the prime factors of 103259?
13, 47
List the prime factors of 407335.
5, 41, 1987
What are the prime factors of 86571?
3, 9619
What are the prime factors of 30106049?
37, 813677
What are the prime factors of 270166?
2, 13, 10391
List the prime factors of 140614.
2, 167, 421
What are the prime factors of 17475949?
17, 179, 5743
List the prime factors of 5850508.
2, 1462627
List the prime factors of 6435922.
2, 101, 151, 211
What are the prime factors of 594918?
2, 3, 23, 479
What are the prime factors of 2927857?
31, 94447
What are the prime factors of 1313377?
13, 31, 3259
List the prime factors of 47087.
47087
List the prime factors of 327649.
7, 46807
What are the prime factors of 216711?
3, 11, 199
What are the prime factors of 6743182?
2, 31, 108761
What are the prime factors of 303814?
2, 7, 21701
What are the prime factors of 1035323?
1035323
What are the prime factors of 28357853?
17, 29, 97, 593
What are the prime factors of 26870?
2, 5, 2687
What are the prime factors of 468246?
2, 3, 78041
List the prime factors of 135931.
181, 751
What are the prime factors of 1465987?
1465987
List the prime factors of 12255573.
3, 11, 23, 67, 241
What are the prime factors of 458134?
2, 37, 41, 151
List the prime factors of 106400.
2, 5, 7, 19
What are the prime factors of 1966572?
2, 3, 131, 139
What are the prime factors of 633404?
2, 158351
List the prime factors of 283858.
2, 71, 1999
What are the prime factors of 634607?
29, 79, 277
What are the prime factors of 737436?
2, 3, 7, 8779
List the prime factors of 1827274.
2, 913637
List the prime factors of 220148.
2, 47, 1171
List the prime factors of 1278024.
2, 3, 11, 47, 103
List the prime factors of 159937.
159937
List the prime factors of 115074.
2, 3, 2131
What are the prime factors of 393922?
2, 196961
What are the prime factors of 5904837?
3, 137, 4789
List the prime factors of 554294.
2, 13, 21319
List the prime factors of 2463274.
2, 11, 19, 71, 83
List the prime factors of 17785791.
3, 17, 38749
What are the prime factors of 2029059?
3, 131, 1721
List the prime factors of 2752755.
3, 5, 23, 79, 101
List the prime factors of 229373.
229373
What are the prime factors of 4743701?
4743701
What are the prime factors of 6109807?
11, 29, 107, 179
What are the prime factors of 290063?
431, 673
List the prime factors of 8199411.
3, 11, 419, 593
What are the prime factors of 1478101?
29, 50969
What are the prime factors of 8815413?
3, 223, 13177
What are the prime factors of 13394428?
2, 709, 4723
What are the prime factors of 3451860?
2, 3, 5, 127, 151
What are the prime factors of 440055?
3, 5, 7, 11, 127
What are the prime factors of 1538259?
3, 19, 26987
What are the prime factors of 21875?
5, 7
What are the prime factors of 362537?
7, 67, 773
What are the prime factors of 92145?
3, 5, 6143
List the prime factors of 109130.
2, 5, 7, 1559
List the prime factors of 19831489.
19831489
What are the prime factors of 25444279?
7, 23, 107, 211
List the prime factors of 16989992.
2, 677, 3137
List the prime factors of 10985940.
2, 3, 5, 7, 8719
List the prime factors of 384765.
3, 5, 113, 227
List the prime factors of 6903954.
2, 3, 19, 2243
List the prime factors of 3978838.
2, 1989419
What are the prime factors of 3915388?
2, 653, 1499
What are the prime factors of 64563?
3, 21521
What are the prime factors of 63150?
2, 3, 5, 421
What are the prime factors of 5746068?
2, 3, 17, 41, 229
What are the prime factors of 1122718?
2, 561359
List the prime factors of 239867.
23, 10429
List the prime factors of 3653.
13, 281
List the prime factors of 592714.
2, 59, 5023
List the prime factors of 219836.
2, 54959
List the prime factors of 160763.
373, 431
List the prime factors of 6102720.
2, 3, 5, 13, 163
List the prime factors of 6799759.
6799759
What are the prime factors of 63719?
63719
What are the prime factors of 6307925?
5, 13, 1493
List the prime factors of 835383.
3, 23, 12107
What are the prime factors of 2378784?
2, 3, 71, 349
List the prime factors of 682043.
19, 35897
List the prime factors of 266758.
2, 133379
What are the prime factors of 397576?
2, 49697
List the prime factors of 1515118.
2, 11, 61, 1129
What are the prime factors of 3070123?
7, 438589
What are the prime factors of 308897?
103, 2999
What are the prime factors of 13553993?
1033, 13121
What are the prime factors of 1157203?
1157203
What are the prime factors of 441300?
2, 3, 5, 1471
List the prime factors of 756902.
2, 337, 1123
What are the prime factors of 174351?
3, 89, 653
What are the prime factors of 1103161?
641, 1721
List the prime factors of 7656437.
7656437
List the prime factors of 30624456.
2, 3, 37, 34487
What are the prime factors of 1065579?
3, 355193
List the prime factors of 4433048.
2, 149, 3719
What are the prime factors of 12248336?
2, 765521
List the prime factors of 14896049.
7, 109, 2789
What are the prime factors of 781363?
11, 251, 283
What are the prime factors of 1556058?
2, 3, 7, 37049
What are the prime factors of 270775?
5, 10831
List the prime factors of 64020.
2, 3, 5, 11, 97
List the prime factors of 1250475.
3, 5, 16673
What are the prime factors of 1122021?
3, 124669
What are the prime factors of 623788?
2, 11, 14177
List the prime factors of 764393.
7, 109199
What are the prime factors of 8583349?
191, 44939
What are the prime factors of 221963?
7, 37, 857
What are the prime factors of 7028411?
13, 29, 103, 181
List the prime factors of 133594.
2, 66797
List the prime factors of 3728294.
2, 19, 41, 2393
What are the prime factors of 976793?
61, 67, 239
List the prime factors of 15485019.
3, 11, 19, 24697
List the prime factors of 850342.
2, 227, 1873
List the prime factors of 255089.
53, 4813
What are the prime factors of 4294302?
2, 3, 17, 42101
List the prime factors of 2561961.
3, 83, 10289
What are the prime factors of 1626080?
2, 5, 10163
List the prime factors of 1115619.
3, 371873
What are the prime factors of 7909398?
2, 3, 7, 62773
List the prime factors of 632694.
2, 3, 105449
List the prime factors of 1324962.
2, 3, 73609
List the prime factors of 233185.
5, 149, 313
What are the prime factors of 157088?
2, 4909
List the prime factors of 2604784.
2, 7, 13, 1789
What are the prime factors of 22366786?
2, 13, 353, 2437
List the prime factors of 15926